{"id":1680,"date":"2017-10-26T13:01:13","date_gmt":"2017-10-26T13:01:13","guid":{"rendered":"http:\/\/conquete.eaubleue.org\/?page_id=1680"},"modified":"2019-04-26T16:12:55","modified_gmt":"2019-04-26T16:12:55","slug":"questions","status":"publish","type":"page","link":"https:\/\/conquete.eaubleue.org\/?page_id=1680","title":{"rendered":"VOS QUESTIONS"},"content":{"rendered":"<p style=\"padding-left: 30px;\"><img loading=\"lazy\" width=\"150\" height=\"150\" class=\"wp-image-123 size-thumbnail alignright\" alt=\"\" src=\"http:\/\/conquete.eaubleue.org\/wp-content\/uploads\/2017\/08\/FM-150x150.jpg\">Voici&nbsp;des&nbsp;questions que vous vous posez peut-\u00eatre.<br>Les&nbsp;r\u00e9ponses sont tir\u00e9es de <strong>michelpotayblog.net<br><\/strong> blog de <em>Michel Potay<\/em>, t\u00e9moin des \u00c9v\u00e8nements d&rsquo;Ar\u00e8s&nbsp;de 1974 et 1977.<\/p>\n<p style=\"padding-left: 30px;\">Nous remercions les nombreux&nbsp;lecteurs du&nbsp;blog pour leurs commentaires.&nbsp;Et nous remercions de toute notre gratitude fr\u00e8re Michel, qui travaille seul,&nbsp;pour sa <em>bont\u00e9<\/em> et sa <em>patience<\/em> de r\u00e9pondre aux milliers de commentaires publi\u00e9s sur son blog. Nous partageons aussi sa douleur d&rsquo;\u00eatre volontairement maintenu&nbsp;sous silence, \u00e0 l&rsquo;\u00e9cart du monde &#8211;&nbsp;tandis que beaucoup le connaisse &#8211;&nbsp;pour que son enseignement lib\u00e9rateur par la <em>p\u00e9nitence<\/em> ne se r\u00e9pande pas.&nbsp;C&rsquo;est pourtant la seule voie qui fera \u00e9viter au monde&nbsp;des \u00e9preuves tragiques,&nbsp;s&rsquo;il ne change pas.<\/p>\n<p style=\"padding-left: 30px;\">Cette page va s&rsquo;enrichir de nouvelles questions au cours de ces prochains mois.<\/p>\n<p><\/p>\n\n\n<ul><li><a href=\"http:\/\/conquete.eaubleue.org\/?p=396\">A quoi sert la p\u00e9nitence ?<\/a><\/li><li><a href=\"http:\/\/conquete.eaubleue.org\/?p=389\">M\u00eame les religions ne disent pas : \u00ab\u00a0devenez bons\u00a0\u00bb, vous \u00eates les seuls, n&rsquo;est-ce pas un peu d\u00e9sesp\u00e9rant ?<\/a><\/li><li><a href=\"http:\/\/conquete.eaubleue.org\/?p=328\">Que formez-vous dans vos assembl\u00e9es ?<\/a><\/li><\/ul>\n","protected":false},"excerpt":{"rendered":"<p>Voici&nbsp;des&nbsp;questions que vous vous posez peut-\u00eatre.Les&nbsp;r\u00e9ponses sont tir\u00e9es de michelpotayblog.net blog de Michel Potay, t\u00e9moin des \u00c9v\u00e8nements d&rsquo;Ar\u00e8s&nbsp;de 1974 et 1977. Nous remercions les nombreux&nbsp;lecteurs du&nbsp;blog pour leurs commentaires.&nbsp;Et nous remercions de toute notre gratitude fr\u00e8re Michel, qui travaille seul,&nbsp;pour sa bont\u00e9 et sa patience de r\u00e9pondre aux milliers de commentaires publi\u00e9s sur son blog. &hellip; <\/p>\n<p><a class=\"more-link block-button\" href=\"https:\/\/conquete.eaubleue.org\/?page_id=1680\">Continuer \u00e0 lire\u00a0\u00bb<\/a><\/p>\n","protected":false},"author":1,"featured_media":0,"parent":0,"menu_order":0,"comment_status":"closed","ping_status":"closed","template":"template-twocolumnsleft.php","meta":[],"_links":{"self":[{"href":"https:\/\/conquete.eaubleue.org\/index.php?rest_route=\/wp\/v2\/pages\/1680"}],"collection":[{"href":"https:\/\/conquete.eaubleue.org\/index.php?rest_route=\/wp\/v2\/pages"}],"about":[{"href":"https:\/\/conquete.eaubleue.org\/index.php?rest_route=\/wp\/v2\/types\/page"}],"author":[{"embeddable":true,"href":"https:\/\/conquete.eaubleue.org\/index.php?rest_route=\/wp\/v2\/users\/1"}],"replies":[{"embeddable":true,"href":"https:\/\/conquete.eaubleue.org\/index.php?rest_route=%2Fwp%2Fv2%2Fcomments&post=1680"}],"version-history":[{"count":28,"href":"https:\/\/conquete.eaubleue.org\/index.php?rest_route=\/wp\/v2\/pages\/1680\/revisions"}],"predecessor-version":[{"id":2728,"href":"https:\/\/conquete.eaubleue.org\/index.php?rest_route=\/wp\/v2\/pages\/1680\/revisions\/2728"}],"wp:attachment":[{"href":"https:\/\/conquete.eaubleue.org\/index.php?rest_route=%2Fwp%2Fv2%2Fmedia&parent=1680"}],"curies":[{"name":"wp","href":"https:\/\/api.w.org\/{rel}","templated":true}]}}