{"id":706,"date":"2017-09-15T09:23:02","date_gmt":"2017-09-15T09:23:02","guid":{"rendered":"http:\/\/conquete.eaubleue.org\/?page_id=706"},"modified":"2017-12-02T17:56:10","modified_gmt":"2017-12-02T17:56:10","slug":"la-priere-du-pecheur-pere-de-lunivers-rev-dares-124","status":"publish","type":"page","link":"https:\/\/conquete.eaubleue.org\/?page_id=706","title":{"rendered":"Pri\u00e8re du p\u00e9cheur \u00ab\u00a0P\u00e8re de l\u2019Univers\u00a0\u00bb"},"content":{"rendered":"<h4><img loading=\"lazy\" class=\"wp-image-138 alignleft\" src=\"http:\/\/conquete.eaubleue.org\/wp-content\/uploads\/2017\/08\/logo.png\" alt=\"\" width=\"29\" height=\"38\" \/><\/h4>\n<h3><img loading=\"lazy\" class=\"size-thumbnail wp-image-2284 alignright\" src=\"http:\/\/conquete.eaubleue.org\/wp-content\/uploads\/conquete-revelation-ares-michel_potay-pere_universt-150x150.jpg\" alt=\"\" width=\"150\" height=\"150\" srcset=\"https:\/\/conquete.eaubleue.org\/wp-content\/uploads\/conquete-revelation-ares-michel_potay-pere_universt-150x150.jpg 150w, https:\/\/conquete.eaubleue.org\/wp-content\/uploads\/conquete-revelation-ares-michel_potay-pere_universt.jpg 197w\" sizes=\"(max-width: 150px) 100vw, 150px\" \/><\/h3>\n<h3 style=\"padding-left: 60px;\"><span style=\"color: #069e9e;\"><strong>La pri\u00e8re du p\u00e9cheur \u00ab\u00a0P\u00e8re de l\u2019Univers\u00a0\u00bb (R\u00e9v. d\u2019Ar\u00e8s 12\/4) est le seul texte que\u00a0<em>La R\u00e9v\u00e9lation d\u2019Ar\u00e8s<\/em>\u00a0qualifie de\u00a0<em>pri\u00e8re<\/em>.<\/strong><\/span><\/h3>\n<p>&nbsp;<\/p>\n<p class=\"font_7\" style=\"padding-left: 60px;\"><span class=\"color_2\">En 1974, le P\u00e8re par son messager J\u00e9sus\u00a0livre, dans un sens dynamique, vivant,<em>\u00a0la pri\u00e8re des p\u00e9cheurs\u00a0qui\u00a0n\u2019a pas pu \u00eatre livr\u00e9e au monde (R\u00e9v d\u2019Ar\u00e8s 12\/4).<\/em> Deux \u00abNotre P\u00e8re\u00bb sont connus : Matthieu 6\/9 et Luc 11\/2-4, assez diff\u00e9rents pour attester que l\u2019\u00c9criture est bien devenue inexacte par alt\u00e9ration et justifier la recommandation de J\u00e9sus au fr\u00e8re Michel, t\u00e9moin des\u00a0Ev\u00e8nements d\u2019Ar\u00e8s, de l\u2019<em>\u00e9purer\u00a0(16\/12, 35\/12).<\/em><\/span><\/p>\n<p class=\"font_7\" style=\"padding-left: 60px;\"><span class=\"color_2\">Ici, toutefois, pas besoin d\u2019\u00e9purer, dit fr\u00e8re Michel.\u00a0<em>P\u00e8re de l\u2019Univers (12\/4)\u00a0<\/em>remplace de lui-m\u00eame le \u00abNotre P\u00e8re\u00bb des \u00e9glises que Dieu recommande de dire\u00a0trois fois le jour, une fois la nuit (12\/5)<\/span><\/p>\n<p class=\"font_7\" style=\"padding-left: 60px;\"><span class=\"color_2\">Dieu ne fixe pas d\u2019heures aux r\u00e9citations de\u00a0<em>P\u00e8re de l\u2019Univers<\/em>. Il pr\u00e9cise seulement que la quatri\u00e8me pri\u00e8re a lieu la nuit.<\/span><\/p>\n<p class=\"font_7\" style=\"padding-left: 60px;\"><span class=\"color_2\">Mais\u00a0<\/span><span class=\"color_2\">Le Livre XLVIII\/2<\/span><span class=\"color_2\">\u00a0parlant de la pri\u00e8re en g\u00e9n\u00e9ral fixe quatre moments\u00a0: l\u2019aube, le midi, le cr\u00e9puscule et la nuit. Ainsi les P\u00e8lerins d\u2019Ar\u00e8s prient au lever, avant le d\u00e9jeuner, avant le d\u00eener, et au coucher.<\/span><\/p>\n<p class=\"font_7\" style=\"padding-left: 60px;\"><span class=\"color_2\">Hormis pour\u00a0<em>P\u00e8re de l\u2019Univers<\/em>, Dieu ne fixe aucune forme ou r\u00e8gle de pri\u00e8re, mais il fait une recommandation capitale :<\/span><\/p>\n<p class=\"font_7\" style=\"padding-left: 60px;\"><span class=\"color_2\"><em><strong>Prononcer Ma Parole pour L\u2019accomplir, voil\u00e0 la vraie pi\u00e9t\u00e9<\/strong><\/em> (35\/6).<\/span><\/p>\n<p>&nbsp;<\/p>\n<hr \/>\n<hr \/>\n<h3><strong><img loading=\"lazy\" class=\"alignright wp-image-129 \" src=\"http:\/\/conquete.eaubleue.org\/wp-content\/uploads\/2017\/08\/Jesus_MountSt-Catherine_Icon_Sinai.jpg\" alt=\"\" width=\"100\" height=\"187\" srcset=\"https:\/\/conquete.eaubleue.org\/wp-content\/uploads\/2017\/08\/Jesus_MountSt-Catherine_Icon_Sinai.jpg 188w, https:\/\/conquete.eaubleue.org\/wp-content\/uploads\/2017\/08\/Jesus_MountSt-Catherine_Icon_Sinai-161x300.jpg 161w\" sizes=\"(max-width: 100px) 100vw, 100px\" \/><span style=\"color: #069e9e;\">En 1974,\u00a0<\/span><\/strong><span style=\"color: #069e9e;\"><strong>Ar\u00e8s (Gironde) France<br \/>\n<\/strong><strong>J\u00e9sus prononce <em>la pri\u00e8re des p\u00e9cheurs<\/em> l<\/strong><strong>ors de sa 12e apparition<\/strong><\/span><\/h3>\n<h4 class=\"font_7\" style=\"padding-left: 30px;\"><span class=\"color_29\">12\/4 Ecoute, homme Michel ! voil\u00e0 la pri\u00e8re des p\u00e9cheurs, comme Je l\u2019ai livr\u00e9e \u00e0 Mes T\u00e9moins mais qu\u2019ils n\u2019ont pas pu livrer au monde :<\/span><\/h4>\n<h4 class=\"font_7\" style=\"padding-left: 60px;\"><span style=\"font-family: Arial, Helvetica, sans-serif;\"><span class=\"color_29\">PERE DE L\u2019UNIVERS,<br \/>\n<\/span><span class=\"color_29\">TOI SEUL ES SAINT.<br \/>\n<\/span><span class=\"color_29\">QUE REGNE SUR NOUS TA SAINTETE<br \/>\n<\/span><span class=\"color_29\">POUR QUE NOUS FASSIONS TA VOLONTE,<br \/>\n<\/span><span class=\"color_29\">POUR QUE NOUS RECEVIONS NOTRE NOURRITURE,<br \/>\n<\/span><span class=\"color_29\">POUR QUE NOUS PUISSIONS PARDONNER<br \/>\n<\/span><span class=\"color_29\">ET RECEVOIR PARDON,<br \/>\n<\/span><span class=\"color_29\">POUR QUE NOUS RESISTIONS AUX TENTATIONS<br \/>\n<\/span><span class=\"color_29\">ET QUE SOIT ABATTU LE MALIN,<br \/>\n<\/span><span class=\"color_29\">POUR QUE REGNENT\u00a0A JAMAIS SUR NOUS<br \/>\n<\/span><span class=\"color_29\">TA SAINTETE, TA PUISSANCE ET TA LUMIERE\u00a0!<\/span><\/span><\/h4>\n<h4 class=\"font_7\" style=\"padding-left: 30px;\"><span class=\"color_29\">5\/ Trois fois le jour, une fois la nuit, car le p\u00e9cheur doit bien \u00e0 son salut l\u2019instant d\u2019une pri\u00e8re dans les t\u00e9n\u00e8bres o\u00f9 circulent les d\u00e9mons comme les loups, le p\u00e9cheur priera comme Je le prescris.<\/span><\/h4>\n<p style=\"padding-left: 60px;\"><span class=\"color_2\">Au ton tr\u00e8s \u00e9nergique, cette pri\u00e8re illustre le caract\u00e8re volontaire et constructif de la\u00a0pri\u00e8re.\u00a0Elle n\u2019inspire au priant ni louange, ni supplication, ni passivit\u00e9, ni attentisme. Au contraire, elle lui rappelle la V\u00e9rit\u00e9 fondamentale, qui\u00a0active en lui\u00a0la\u00a0lucidit\u00e9\u00a0et l\u2019action\u00a0(Pia, p\u00e8lerin d\u2019Ar\u00e8s 1991-1992)\u00a0<\/span><span class=\"color_2\">de\u00a0changer sa vie\u00a0pour\u00a0changer le monde.<\/span><\/p>\n<p>&nbsp;<\/p>\n<hr \/>\n<hr \/>\n<h3 class=\"font_7\"><span class=\"color_33\"><span style=\"color: #069e9e;\"><strong>Qu&rsquo;est-ce qu&rsquo;un<em> p\u00e9cheur<\/em> ?<\/strong><\/span><\/span><\/h3>\n<p class=\"font_7\" style=\"padding-left: 60px;\"><span class=\"color_25\">Le\u00a0<em>p\u00e9cheur<\/em>\u00a0n\u2019est pas l\u2019incroyant mais l\u2019homme qui ne fait pas le Bien, m\u00eame croyant, qui ainsi\u00a0se perd lui-m\u00eame (16\/15-16).<br \/>\n<\/span><span class=\"color_25\">Tout homme est\u00a0<em>p\u00e9cheur<\/em>\u00a0et\u00a0doit bien \u00e0 son<em> salut l\u2019instant d\u2019une pri\u00e8re dans les t\u00e9n\u00e8bres (12\/5),<\/em> l\u2019instant\u00a0de prononcer la pri\u00e8re \u00ab\u00a0P\u00e8re de l\u2019Univers\u00a0\u00bb, qui est le seul texte que\u00a0<em>La R\u00e9v\u00e9lation d\u2019Ar\u00e8s<\/em>\u00a0qualifie de\u00a0pri\u00e8re.<\/span><\/p>\n<p>&nbsp;<\/p>\n<hr \/>\n<div id=\"iwffzo22\" class=\"txtNew\" data-reactid=\".0.$SITE_ROOT.$desktop_siteRoot.$PAGES_CONTAINER.$centeredContent.$inlineContent.$SITE_PAGES.$crfe_DESKTOP.$inlineContent.$inyrseix.$inlineContent.$iwfhgmp0.$inlineContent.$iwffzo22\">\n<h3 class=\"font_7\"><span style=\"color: #069e9e;\"><strong><span class=\"color_33\">Pourquoi prier ?<\/span><\/strong><\/span><\/h3>\n<p class=\"font_7\" style=\"padding-left: 60px;\"><strong>Prier<em>\u00a0pour accomplir la Parole<\/em> qu\u2019on lit<\/strong>, mais non\u00a0la rab\u00e2cher comme\u00a0des formules miraculeuses ou des mantras.<\/p>\n<\/div>\n<div id=\"iwfg2j0a\" class=\"iwfg2j0a_iwfg2j0b\" style=\"padding-left: 60px;\" tabindex=\"0\" role=\"image\" data-reactid=\".0.$SITE_ROOT.$desktop_siteRoot.$PAGES_CONTAINER.$centeredContent.$inlineContent.$SITE_PAGES.$crfe_DESKTOP.$inlineContent.$inyrseix.$inlineContent.$iwfhgmp0.$inlineContent.$iwfg2j0a\" data-angle=\"11\">Le priant puise dans la Parole, ce qu\u2019il doit <em>accomplir<\/em> (35\/5-6), ce qu\u2019il faut faire, \u00e0 savoir faire <em>p\u00e9nitence<\/em>, c.-\u00e0-d. vivre en effort permanent d\u2019<em>aimer<\/em> tous les humains, de\u00a0<em>pardonner<\/em> toutes les offenses, de faire la <em>paix<\/em>, de se rendre <em>libre<\/em> des pr\u00e9jug\u00e9s et des peurs, d&rsquo;agir avec l\u2019<em>intelligence<\/em> spirituelle et plus tard, apr\u00e8s une longue et totale refonte soci\u00e9tale : partager tout avec tous.<\/div>\n<div id=\"iwggnqpf\" class=\"txtNew\" style=\"padding-left: 60px;\" data-reactid=\".0.$SITE_ROOT.$desktop_siteRoot.$PAGES_CONTAINER.$centeredContent.$inlineContent.$SITE_PAGES.$crfe_DESKTOP.$inlineContent.$inyrseix.$inlineContent.$iwfhgmp0.$inlineContent.$iwggnqpf\">\n<p class=\"font_7\"><strong>Si le priant ne fait pas suivre sa pri\u00e8re de l\u2019accomplissement de ce qu\u2019elle sugg\u00e8re\u00a0de r\u00e9aliser, prier ne lui sert \u00e0 rien.<\/strong><\/p>\n<\/div>\n<p>&nbsp;<\/p>\n<div id=\"iwggnqpf\" class=\"txtNew\" data-reactid=\".0.$SITE_ROOT.$desktop_siteRoot.$PAGES_CONTAINER.$centeredContent.$inlineContent.$SITE_PAGES.$crfe_DESKTOP.$inlineContent.$inyrseix.$inlineContent.$iwfhgmp0.$inlineContent.$iwggnqpf\">\n<hr \/>\n<hr \/>\n<div id=\"iwfgg0jz\" class=\"txtNew\" data-reactid=\".0.$SITE_ROOT.$desktop_siteRoot.$PAGES_CONTAINER.$centeredContent.$inlineContent.$SITE_PAGES.$crfe_DESKTOP.$inlineContent.$inyrseix.$inlineContent.$iwfgs1et.$inlineContent.$iwfgg0jz\">\n<div id=\"iwfgfd88\" class=\"txtNew\" data-reactid=\".0.$SITE_ROOT.$desktop_siteRoot.$PAGES_CONTAINER.$centeredContent.$inlineContent.$SITE_PAGES.$crfe_DESKTOP.$inlineContent.$inyrseix.$inlineContent.$iwfgs1et.$inlineContent.$iwfgfd88\"><\/div>\n<div id=\"iwfgm3k4\" class=\"txtNew\" data-reactid=\".0.$SITE_ROOT.$desktop_siteRoot.$PAGES_CONTAINER.$centeredContent.$inlineContent.$SITE_PAGES.$crfe_DESKTOP.$inlineContent.$inyrseix.$inlineContent.$iwfgs1et.$inlineContent.$iwfgm3k4\">\n<h3 class=\"font_7\"><strong><span class=\"color_33\"><img loading=\"lazy\" class=\"alignright wp-image-122 \" src=\"http:\/\/conquete.eaubleue.org\/wp-content\/uploads\/2017\/08\/FM-1.jpg\" alt=\"\" width=\"98\" height=\"200\" srcset=\"https:\/\/conquete.eaubleue.org\/wp-content\/uploads\/2017\/08\/FM-1.jpg 365w, https:\/\/conquete.eaubleue.org\/wp-content\/uploads\/2017\/08\/FM-1-147x300.jpg 147w\" sizes=\"(max-width: 98px) 100vw, 98px\" \/><span style=\"color: #069e9e;\">Michel Potay, t\u00e9moin des Ev\u00e8nements d&rsquo;Ar\u00e8s publie sur son blog une nouvelle entr\u00e9e\u00a0<\/span><\/span><span class=\"color_33\" style=\"color: #069e9e;\">\u00ab\u00a0p\u00e8re de l&rsquo;univers\u00a0\u00bb le 13 janvier 2008<\/span><\/strong><span class=\"color_33\"><span style=\"color: #069e9e;\"><strong>\u00a0et \u00e9crit :<\/strong><\/span><\/span><\/h3>\n<p class=\"font_7\" style=\"padding-left: 60px;\">Je traverse une \u00e9preuve <a href=\"http:\/\/michelpotayblog.net\/jGE\/jGEtv.html\" target=\"_blank\" rel=\"noopener\">(voir michelpotayblog.net 0075)<\/a> et ma pi\u00e9t\u00e9 s\u2019accro\u00eet. J\u2019ai toujours beaucoup pri\u00e9, mais dans ces moments o\u00f9 l\u2019injustice m\u2019enserre (28\/15) j\u2019ai besoin de plus de Lumi\u00e8re&#8230;<br \/>\n&#8230;Cette pri\u00e8re fut r\u00e9v\u00e9l\u00e9e du premier au dernier mot par le P\u00e8re lui-m\u00eame en 1974, transmise par son messager J\u00e9sus.<\/p>\n<p class=\"font_7\" style=\"padding-left: 60px;\">Voici comme je la ressens\u00a0:<\/p>\n<\/div>\n<h5 class=\"font_7\" style=\"padding-left: 60px;\"><span style=\"font-family: Arial, Helvetica, sans-serif;\"><strong><span class=\"color_22\">P\u00e8re de l\u2019univers<br \/>\n<\/span><\/strong>Cr\u00e9ateur\u00a0! Tu es ma seule r\u00e9f\u00e9rence\u00a0!<\/span><\/h5>\n<h5 class=\"font_7\" style=\"padding-left: 60px;\"><span style=\"font-family: Arial, Helvetica, sans-serif;\"><strong><span class=\"color_22\">Toi seul es Saint<br \/>\n<\/span><\/strong>L\u2019homme spirituel cr\u00e9e son \u00e2me, qui le sauve des t\u00e9n\u00e8bres, en se r\u00e9f\u00e9rant \u00e0 toi ou retrouvant ton image (Gen\u00e8se 1\/27)<\/span><\/h5>\n<h5 class=\"font_7\" style=\"padding-left: 60px;\"><span style=\"font-family: Arial, Helvetica, sans-serif;\"><strong><span class=\"color_22\">Que r\u00e8gne sur nous Ta Saintet\u00e9<br \/>\n<\/span><\/strong>Vivons en <em>p\u00e9nitent<\/em>s,\u00a0Laissons-nous<em> mouler<\/em> (R\u00e9v d\u2019Ar\u00e8s 1\/11) \u00e0 l\u2019<em>image<\/em> (Gen\u00e8se 1\/27) de l\u2019<em>amour<\/em> (12\/7), du <em>pardon<\/em> et de la force qu\u2019il donne (8\/2),<\/span><br \/>\n<span style=\"font-family: Arial, Helvetica, sans-serif;\"> de la <em>paix<\/em>, non celle instable que l\u2019homme ne garde pas dans sa main (R\u00e9v d\u2019Ar\u00e8s XIX\/6), mais la paix absolue que <em>Tu as promise<\/em> (28\/22),<\/span><br \/>\n<span style=\"font-family: Arial, Helvetica, sans-serif;\"> de l\u2019<em>intelligence<\/em>, non seulement l\u2019intelligence intellectuelle, mais aussi et surtout l\u2019intelligence spirituelle, et<\/span><br \/>\n<span style=\"font-family: Arial, Helvetica, sans-serif;\"> de la<em> libert\u00e9<\/em> absolue (10\/10) parce que sans se lib\u00e9rer de tout pr\u00e9jug\u00e9 l\u2019homme ne peut retrouver l\u2019amour et la force cr\u00e9atrice de l\u2019amour.<\/span><\/h5>\n<h5 class=\"font_7\" style=\"padding-left: 60px;\"><span style=\"font-family: Arial, Helvetica, sans-serif;\"><strong><span class=\"color_22\">Pour que nous fassions Ta Volont\u00e9<br \/>\n<\/span><\/strong>pour qu\u2019en tous domaines notre volont\u00e9 soit de penser et d\u2019<em>accomplir<\/em> comme Ta propre Volont\u00e9 de penser et d\u2019accomplir<\/span><\/h5>\n<h5 class=\"font_7\" style=\"padding-left: 60px;\"><span style=\"font-family: Arial, Helvetica, sans-serif;\"><strong><span class=\"color_22\">Pour que nous recevions notre nourriture<br \/>\n<\/span><\/strong>la nourriture spirituelle que la foi nous donne avec la<em> paix<\/em> (28\/22)<\/span><\/h5>\n<h5 class=\"font_7\" style=\"padding-left: 60px;\"><span style=\"font-family: Arial, Helvetica, sans-serif;\"><strong><span class=\"color_22\">Pour que nous puissions pardonner et recevoir pardon<br \/>\n<\/span><\/strong>pour que nous, les hommes, cessions de nous reprocher nos p\u00e9ch\u00e9s r\u00e9ciproques, et que nous nous aidions les uns les autres \u00e0 en gu\u00e9rir<\/span><\/h5>\n<h5 class=\"font_7\" style=\"padding-left: 60px;\"><span style=\"font-family: Arial, Helvetica, sans-serif;\"><strong><span class=\"color_22\">Pour que nous r\u00e9sistions aux tentations et que soit abattu le malin<br \/>\n<\/span><\/strong>pour que l\u2019homme cesse d\u2019\u00eatre son propre tentateur et son propre malin<\/span><\/h5>\n<h5 class=\"font_7\" style=\"padding-left: 60px;\"><span style=\"font-family: Arial, Helvetica, sans-serif;\"><strong><span class=\"color_22\">Pour que r\u00e8gne \u00e0 jamais sur nous<br \/>\n<\/span><\/strong>pour que sans faillir nous suivions trois principes\u00a0:<\/span><\/h5>\n<h5 class=\"font_7\" style=\"padding-left: 60px;\"><span style=\"font-family: Arial, Helvetica, sans-serif;\"><strong><span class=\"color_22\">Ta Saintet\u00e9<br \/>\n<\/span><\/strong>recouvrer chaque jour un peu plus <em>Ton Image<\/em> (Gen\u00e8se 1\/27)<\/span><\/h5>\n<h5 class=\"font_7\" style=\"padding-left: 60px;\"><span style=\"font-family: Arial, Helvetica, sans-serif;\"><strong><span class=\"color_22\">Ta Puissance et<br \/>\n<\/span><\/strong>retrouver en nous Ta Puissance par la <em>p\u00e9nitence,\u00a0changer<\/em> ce monde en bien (28\/7) par notre <em>p\u00e9nitence<\/em> et en moissonnant toujours plus de <em>p\u00e9nitents<\/em><\/span><\/h5>\n<h5 class=\"font_7\" style=\"padding-left: 60px;\"><span style=\"font-family: Arial, Helvetica, sans-serif;\"><strong><span class=\"color_22\">Ta Lumi\u00e8re<br \/>\n<\/span><\/strong>puiser sans cesse \u00e0 ta <em>V\u00e9rit\u00e9<\/em> (28\/7) et la colporter parce qu\u2019elle est la cl\u00e9 du bonheur universel qui s\u2019\u00e9tendra sur le monde en ton <em>Jour<\/em> (31\/8) comme une magnifique fleur \u00e0 la Lumi\u00e8re d\u2019un matin \u00e9ternel.<\/span><\/h5>\n<p>&nbsp;<\/p>\n<\/div>\n<hr \/>\n<hr \/>\n<h3 class=\"font_8\"><a href=\"http:\/\/michelpotayblog.net\/jGE\/jGEtv.html\" target=\"_blank\" rel=\"noopener\"><strong><img loading=\"lazy\" class=\"alignright wp-image-125 \" src=\"http:\/\/conquete.eaubleue.org\/wp-content\/uploads\/2017\/08\/en-tete_blog.jpg\" alt=\"\" width=\"309\" height=\"53\" srcset=\"https:\/\/conquete.eaubleue.org\/wp-content\/uploads\/2017\/08\/en-tete_blog.jpg 948w, https:\/\/conquete.eaubleue.org\/wp-content\/uploads\/2017\/08\/en-tete_blog-300x52.jpg 300w, https:\/\/conquete.eaubleue.org\/wp-content\/uploads\/2017\/08\/en-tete_blog-768x132.jpg 768w\" sizes=\"(max-width: 309px) 100vw, 309px\" \/><\/strong><\/a><strong><span style=\"color: #069e9e;\">Sur\u00a0michelpotayblog.net<br \/>\ndans l\u2019entr\u00e9e \u00ab p\u00e8re de l&rsquo;univers\u00bb (0075)<\/span><\/strong><\/h3>\n<p>&nbsp;<\/p>\n<p style=\"padding-left: 60px;\"><span style=\"color: #069e9e;\"><strong>voici le commentaire de S. S<\/strong>. (<span class=\"color_33\">75C23)\u00a0<\/span><\/span><\/p>\n<p class=\"font_8\" style=\"padding-left: 60px;\">J&rsquo;aime ce blog par l&rsquo;esp\u00e9rance et la lumi\u00e8re qui s&rsquo;en d\u00e9gagent m\u00eame dans les sujets de temp\u00eate, mais ici, sur le sujet de la pri\u00e8re, je recule. Vous pr\u00e9tendez, il me semble, revoir compl\u00e8tement la notion de la pri\u00e8re qui lui a donn\u00e9e la religion depuis toujours. La pri\u00e8re depuis toujours soit supplie, soit louange le Seigneur, mais vous, vous dites au commentateur 75C22 que dans sa pri\u00e8re le P\u00e8lerin d&rsquo;Ar\u00e8s \u00ab\u00a0ni demande ni m\u00eame glorifie.\u00a0\u00bb Vous niez que l&rsquo;homme puisse rien obtenir de son Cr\u00e9ateur ou ne ne puisse m\u00eame pas le louanger ? Vous semblez dire que l&rsquo;homme est son propre donneur de faveurs et son propre glorificateur ? C&rsquo;est un recentrement sur l&rsquo;homme. Vous pr\u00e9conisez la religion de l&rsquo;homme [&#8230;]S.S.<\/p>\n<p>&nbsp;<\/p>\n<p class=\"font_8\" style=\"padding-left: 60px;\"><span style=\"color: #069e9e;\"><strong><span class=\"color_33\">et la r\u00e9ponse de <em>Michel Potay<\/em>\u00a0<\/span><\/strong><\/span><\/p>\n<p class=\"font_8\" style=\"padding-left: 60px;\"><span style=\"color: #069e9e;\"><span style=\"color: #000000;\"><strong>Je ne pr\u00e9conise aucune religion. Je pr\u00eache simplement la vie spirituelle<\/strong><\/span>.<\/span><br \/>\n<em>La R\u00e9v\u00e9lation d\u2019Ar\u00e8<\/em>s pr\u00e9conise un recentrement non sur Dieu seul comme ma\u00eetre absolu, unique, du destin, mais sur le lien P\u00e8re\/fils, le fils \u2014 vous, moi, n\u2019importe quel homme ou femme \u2014 comme miroir <em>(image<\/em>, Gen\u00e8se 1\/27) du P\u00e8re. La source de gr\u00e2ce comme de destin est dans la synergie, ou volont\u00e9s combin\u00e9es \u2014 c\u2019est le sens de Pour que nous fassions ta Volont\u00e9 \u2014 du Cr\u00e9ateur et de la cr\u00e9ature humaine.<br \/>\nIl ressort non seulement de<em> La R\u00e9v\u00e9lation d\u2019Ar\u00e8s<\/em>, mais aussi de la simple observation de l\u2019histoire humaine, que la relation entre Dieu et l\u2019homme n\u2019est pas la relation entre Ma\u00eetre et sujet et que r\u00e9duire la foi \u00e0 des pri\u00e8res de supplication et de glorification ne sert pas \u00e0 grand chose. Je ne pr\u00e9tends pas que le P\u00e8re ne puisse pas intervenir, je pr\u00e9tends seulement qu\u2019il n\u2019intervient que rarement et m\u00eame, dans certains p\u00e9riodes, pas du tout : <em>N\u2019\u00e9voque pas \u00e0 tous propos ma Mis\u00e9ricorde (R\u00e9v d\u2019Ar\u00e8s 16\/15)!<\/em><br \/>\nJe prends un exemple extr\u00eame, pour simplifier : Des guerres surviennent, \u00e9pouvantablement destructrices, meurtri\u00e8res, ruineuses, et il est clair qu\u2019elles r\u00e9sultent de l\u2019orgueil des pouvoirs et d\u2019une folie des hommes qui aiment se battre. La guerre est une horreur dans laquelle Dieu reste un observateur neutre et malheureux comme un p\u00e8re terrestre voit s\u2019entretuer ses fils. Il est \u00e0 l\u2019\u00e9vidence neutre face aux pri\u00e8res pour la paix de part et d\u2019autre du front, parce que la paix arrive toujours mais par \u00e9puisement des ressources et des hommes et non par intervention de Dieu.<br \/>\nPar ailleurs, Dieu porte en lui sa Gloire comme vous portez en vous vos entrailles et il n\u2019est gu\u00e8re plus avanc\u00e9 en entendant des glorifications que vous ne seriez avanc\u00e9 si des ch\u0153urs chantaient des hymnes \u00e0 vos entrailles. Ce que le Dieu du Ciel vous recommande, c\u2019est de redevenir un Dieu de la terre <em>en mettant vos pas dans ses Pas (R\u00e9v d\u2019Ar\u00e8s 2\/12)<\/em> par la <em>p\u00e9nitenc<\/em>e qui est sanctifiante ou d\u00e9ifiante.<br \/>\n<strong><em>La vraie pi\u00e9t\u00e9 (35\/6)<\/em> consiste seulement \u00e0 r\u00e9viser chaque jour dans la Parole les passages qui recommandent cette <em>p\u00e9nitence<\/em>. Celle-ci \u2014 la <em>p\u00e9nitence<\/em>, pas la pri\u00e8re \u2014 nous donnera la puissance de <em>changer ce monde.<\/em><\/strong><br \/>\nDans la fa\u00e7on qu\u2019a <em>La R\u00e9v\u00e9lation d\u2019Ar\u00e8s<\/em> de pr\u00e9senter <em>la vraie pi\u00e9t\u00e9<\/em> il n\u2019y a rien que de raisonnable. Le P\u00e8re a dict\u00e9 une Parole raisonnable, \u00e9quilibr\u00e9e comme son univers est \u00e9quilibr\u00e9. Au milieu de cette immensit\u00e9 il a concentr\u00e9 sur la terre et ses cr\u00e9atures humaine son Amour. L\u2019amour du peuple est probablement une expression vide de sens pour un notaire, un juge, un agent des imp\u00f4ts, un patron de supermarch\u00e9 ou un g\u00e9n\u00e9ral d\u2019arm\u00e9e, parce qu\u2019ils ignorent la magnifique aventure de gagner les c\u0153urs et de faire na\u00eetre des<em> \u00e2mes<\/em>. Ils cherchent surtout \u00e0 gagner des voix \u00e9lectorales ou des clients ou des subalternes ob\u00e9issants. C\u2019est la grande diff\u00e9rence avec Dieu et c\u2019est pourquoi Dieu ne fait pas pression sur les hommes. Il les laisse libres et notamment <em>libres (R\u00e9v d\u2019Ar\u00e8s 10\/10)<\/em> de prier. Il se contente de rappeler <strong>ce qu\u2019est la pri\u00e8re : un aide-m\u00e9moire pour atteindre le Bien<\/strong>. La religion, elle, impose la pri\u00e8re \u00e0 ses fid\u00e8les. Nous ne sommes vraiment pas dans la m\u00eame perspective.<\/p>\n<\/div>\n","protected":false},"excerpt":{"rendered":"<p>La pri\u00e8re du p\u00e9cheur \u00ab\u00a0P\u00e8re de l\u2019Univers\u00a0\u00bb (R\u00e9v. d\u2019Ar\u00e8s 12\/4) est le seul texte que\u00a0La R\u00e9v\u00e9lation d\u2019Ar\u00e8s\u00a0qualifie de\u00a0pri\u00e8re. &nbsp; En 1974, le P\u00e8re par son messager J\u00e9sus\u00a0livre, dans un sens dynamique, vivant,\u00a0la pri\u00e8re des p\u00e9cheurs\u00a0qui\u00a0n\u2019a pas pu \u00eatre livr\u00e9e au monde (R\u00e9v d\u2019Ar\u00e8s 12\/4). Deux \u00abNotre P\u00e8re\u00bb sont connus : Matthieu 6\/9 et Luc 11\/2-4, &hellip; <\/p>\n<p><a class=\"more-link block-button\" href=\"https:\/\/conquete.eaubleue.org\/?page_id=706\">Continuer \u00e0 lire\u00a0\u00bb<\/a><\/p>\n","protected":false},"author":1,"featured_media":2284,"parent":31,"menu_order":5,"comment_status":"closed","ping_status":"closed","template":"template-twocolumnsleft.php","meta":[],"_links":{"self":[{"href":"https:\/\/conquete.eaubleue.org\/index.php?rest_route=\/wp\/v2\/pages\/706"}],"collection":[{"href":"https:\/\/conquete.eaubleue.org\/index.php?rest_route=\/wp\/v2\/pages"}],"about":[{"href":"https:\/\/conquete.eaubleue.org\/index.php?rest_route=\/wp\/v2\/types\/page"}],"author":[{"embeddable":true,"href":"https:\/\/conquete.eaubleue.org\/index.php?rest_route=\/wp\/v2\/users\/1"}],"replies":[{"embeddable":true,"href":"https:\/\/conquete.eaubleue.org\/index.php?rest_route=%2Fwp%2Fv2%2Fcomments&post=706"}],"version-history":[{"count":46,"href":"https:\/\/conquete.eaubleue.org\/index.php?rest_route=\/wp\/v2\/pages\/706\/revisions"}],"predecessor-version":[{"id":728,"href":"https:\/\/conquete.eaubleue.org\/index.php?rest_route=\/wp\/v2\/pages\/706\/revisions\/728"}],"up":[{"embeddable":true,"href":"https:\/\/conquete.eaubleue.org\/index.php?rest_route=\/wp\/v2\/pages\/31"}],"wp:featuredmedia":[{"embeddable":true,"href":"https:\/\/conquete.eaubleue.org\/index.php?rest_route=\/wp\/v2\/media\/2284"}],"wp:attachment":[{"href":"https:\/\/conquete.eaubleue.org\/index.php?rest_route=%2Fwp%2Fv2%2Fmedia&parent=706"}],"curies":[{"name":"wp","href":"https:\/\/api.w.org\/{rel}","templated":true}]}}